 common factor of 41 and 31529?
41
What is the greatest common factor of 1662 and 9696?
6
What is the greatest common factor of 56 and 64?
8
What is the greatest common divisor of 140 and 79156?
28
Calculate the highest common divisor of 62156 and 164.
164
Calculate the greatest common divisor of 1778064 and 68.
68
Calculate the highest common divisor of 1069332 and 154.
22
What is the highest common factor of 14 and 7322?
14
What is the highest common factor of 2260 and 927730?
1130
Calculate the highest common divisor of 6526 and 1066.
26
What is the greatest common factor of 7 and 15148?
7
Calculate the greatest common divisor of 18711 and 2387.
77
Calculate the highest common divisor of 429 and 3640.
13
What is the greatest common factor of 274176 and 340?
68
What is the highest common divisor of 296487 and 158?
79
What is the greatest common factor of 1705 and 6412505?
1705
What is the greatest common factor of 4653 and 3717?
9
What is the greatest common divisor of 6525 and 4176?
261
What is the highest common divisor of 874 and 101?
1
What is the greatest common factor of 145074 and 6?
6
What is the highest common factor of 573469 and 3627?
403
What is the greatest common factor of 9458488 and 13?
13
Calculate the highest common factor of 125352 and 126.
18
What is the highest common divisor of 68367 and 143?
13
What is the highest common factor of 2134 and 44?
22
Calculate the highest common divisor of 456 and 10392.
24
What is the highest common divisor of 56464 and 37?
1
What is the highest common divisor of 1839779 and 3987?
443
Calculate the highest common factor of 215 and 8035.
5
What is the greatest common factor of 533045 and 25?
5
What is the highest common divisor of 12 and 141480?
12
What is the highest common divisor of 15470 and 245?
35
Calculate the highest common divisor of 28 and 236.
4
What is the greatest common divisor of 597 and 801373?
199
What is the greatest common factor of 52380 and 72?
36
Calculate the highest common factor of 480 and 17984.
32
Calculate the highest common factor of 4120 and 160.
40
What is the highest common factor of 894173 and 42?
7
What is the highest common divisor of 275 and 5940?
55
Calculate the highest common divisor of 50 and 96550.
50
Calculate the highest common divisor of 24 and 52728.
24
Calculate the highest common divisor of 5485 and 215.
5
What is the highest common factor of 1881 and 99?
99
Calculate the greatest common factor of 137058 and 15582.
318
Calculate the highest common divisor of 7808 and 4636.
244
Calculate the greatest common factor of 182 and 60970.
182
What is the highest common divisor of 236721 and 114?
57
What is the greatest common divisor of 3388 and 273?
7
Calculate the greatest common divisor of 6115672 and 8.
8
What is the greatest common divisor of 297825 and 836?
209
Calculate the greatest common factor of 52 and 82303.
13
Calculate the highest common divisor of 2193772 and 3948.
1316
Calculate the greatest common divisor of 520 and 179855.
65
What is the greatest common factor of 267 and 5643?
3
What is the greatest common factor of 113615 and 620?
155
What is the greatest common factor of 8239897 and 103?
103
What is the greatest common divisor of 532845 and 10?
5
Calculate the highest common divisor of 202148 and 16672.
2084
Calculate the greatest common divisor of 424 and 17172.
212
Calculate the highest common divisor of 365200 and 55.
55
Calculate the highest common divisor of 1163140 and 20.
20
Calculate the greatest common divisor of 54 and 1383894.
18
Calculate the greatest common divisor of 135 and 8795.
5
Calculate the greatest common divisor of 9321 and 78.
39
What is the highest common divisor of 3233 and 4331?
61
What is the highest common divisor of 5920 and 560?
80
What is the greatest common factor of 29144 and 40?
8
Calculate the highest common factor of 3780 and 24060.
60
What is the highest common factor of 181080 and 270?
90
What is the highest common divisor of 280128 and 272?
16
Calculate the highest common factor of 3549 and 5208.
21
What is the highest common divisor of 531488 and 68?
68
What is the highest common divisor of 26 and 26858?
26
What is the greatest common divisor of 121 and 630289?
121
Calculate the highest common divisor of 2520 and 14826.
42
Calculate the greatest common factor of 31400 and 8880.
40
Calculate the highest common factor of 2898 and 78.
6
Calculate the greatest common factor of 434 and 277109.
217
Calculate the highest common factor of 2238 and 5484.
6
What is the greatest common divisor of 189 and 16794?
27
Calculate the highest common divisor of 8 and 19436.
4
Calculate the greatest common factor of 18 and 956943.
9
Calculate the highest common divisor of 835246 and 1.
1
Calculate the greatest common factor of 182350 and 42.
14
What is the highest common divisor of 1245640 and 1520?
760
Calculate the highest common factor of 123495 and 480.
15
What is the highest common divisor of 768084 and 84?
12
Calculate the greatest common divisor of 1336 and 1256.
8
Calculate the highest common divisor of 836 and 154964.
76
Calculate the greatest common divisor of 221615 and 1270.
635
Calculate the highest common factor of 804 and 2640.
12
Calculate the greatest common factor of 629 and 1998.
37
What is the greatest common factor of 1005 and 4395?
15
What is the highest common factor of 5811 and 858?
39
Calculate the greatest common divisor of 73168 and 51.
17
Calculate the greatest common divisor of 5472 and 27873.
171
Calculate the greatest common factor of 264 and 610512.
24
Calculate the greatest common divisor of 10978 and 121.
11
What is the highest common divisor of 67145 and 325?
65
Calculate the highest common factor of 3750 and 276875.
625
Calculate the highest common factor of 539 and 295834.
77
What is the highest common factor of 5015 and 6035?
85
Calculate the highest common divisor of 3395702 and 82.
82
Calculate the greatest common divisor of 40 and 138808.
8
Calculate the highest common factor of 340 and 565199.
17
Calculate the greatest common divisor of 132 and 195012.
12
Calculate the highest common factor of 90 and 112290.
30
Calculate the greatest common factor of 119 and 1421.
7
Calculate the greatest common divisor of 8937 and 189.
27
Calculate the highest common divisor of 7098 and 105924.
546
Calculate the highest common divisor of 1182072 and 192.
24
Calculate the highest common divisor of 44 and 428164.
44
Calculate the greatest common divisor of 211320 and 312.
24
What is the greatest common factor of 32 and 162464?
32
What is the greatest common divisor of 19629 and 837?
27
Calculate the greatest common factor of 16814 and 826.
14
What is the greatest common divisor of 15 and 9555?
15
Calculate the highest common factor of 168 and 51800.
56
What is the highest common divisor of 310 and 110?
10
Calculate the greatest common factor of 10005 and 21228.
87
Calculate the greatest common divisor of 225417 and 261.
87
What is the greatest common divisor of 1568 and 2989?
49
Calculate the greatest common factor of 110 and 7126955.
55
Calculate the highest common divisor of 392 and 13318984.
392
What is the greatest common factor of 1239541 and 57?
19
What is the highest common divisor of 18678 and 506?
22
What is the greatest common divisor of 429383 and 523?
523
Calculate the greatest common divisor of 12 and 2106828.
12
What is the greatest common factor of 4660 and 6291?
233
Calculate the greatest common divisor of 207760 and 371.
371
What is the greatest common divisor of 21816 and 32?
8
What is the highest common divisor of 110 and 186250?
10
Calculate the highest common factor of 17 and 426853.
17
What is the greatest common divisor of 320218 and 116?
58
Calculate the highest common factor of 1792 and 1176.
56
Calculate the highest common divisor of 6456 and 14052.
12
What is the greatest common factor of 984 and 12956?
164
Calculate the highest common divisor of 483982 and 178.
178
What is the greatest common divisor of 66 and 20625?
33
Calculate the greatest common factor of 500782 and 27491.
743
What is the greatest common divisor of 179 and 29893?
179
What is the greatest common factor of 196248 and 1664?
104
What is the highest common factor of 18 and 8934?
6
Calculate